+ (-3)/(-15). Let q(d) = -d**3 - 4*d**2 - 4*d + 1. Let a be q(-3). Let y = s - a. List the prime factors of y.
5
List the prime factors of (-1)/(((-24)/(-2532))/(2/(-1))).
211
List the prime factors of (-7*3)/(0 - 1).
3, 7
Let j(l) = -13*l**2 - l. Let i be j(-1). Let r be i*((-63)/(-12))/(-3). Let p = r + -15. List the prime factors of p.
2, 3
Let q(l) = l**2 + 4*l - 6. Let g be q(-7). Let h = -8 + 3. Let p = g - h. List the prime factors of p.
2, 5
Let v(x) = -4*x - 14. What are the prime factors of v(-5)?
2, 3
Let s = -23 - -25. Suppose 3*w = -r + 70, 4*r = -w - s*w + 73. List the prime factors of w.
23
Suppose 5*i - 9 - 11 = 0, 4*f - 52 = -i. Let m = 3 + f. What are the prime factors of m?
3, 5
List the prime factors of 44/3*6/4.
2, 11
Let h(c) = 4*c**2 + 2*c - 1. Let i be h(1). Let m(u) = -2 - i*u - 1 - 2 - 2*u. What are the prime factors of m(-4)?
23
Suppose -j - 5*g = -5*j + 25, -20 = 4*j + 4*g. List the prime factors of -2 - (j - 4) - -11.
13
Let u(x) = x**2 + x. Let b be u(0). Suppose c - 8 = -b*c. What are the prime factors of c?
2
Let q = 34 + -15. List the prime factors of q.
19
List the prime factors of (144/(-20))/(-9)*(20 + 0).
2
Let o = 13 - 5. What are the prime factors of o?
2
List the prime factors of 77/2 - (-27)/18.
2, 5
Let b be 2 + (5 - 2 - -6). Let t = 25 - b. List the prime factors of t.
2, 7
Let p = -3 + 8. Suppose 3*c - 17 = -3*y + 1, 3*y = -p*c + 8. Suppose 4*m - n = 43, -y = -3*m + n + 21. List the prime factors of m.
11
Suppose 39 = -3*z - 114. Let v(j) = 9*j + 5. Let b be v(-4). Let l = b - z. What are the prime factors of l?
2, 5
Suppose o = -2*o + 15. Suppose -m = o*y + 5, -4*m - 2*y + 52 = -0*y. What are the prime factors of m?
3, 5
What are the prime factors of (-3)/(6/4) + 13?
11
Let j(r) be the first derivative of r**3/3 + 4*r - 2. What are the prime factors of j(3)?
13
Let w(f) = -2*f + 42. List the prime factors of w(15).
2, 3
Let g be (-9)/7 + (-2)/(-7). Let z be g*2/4*-24. Suppose 3*q + 0 = z. List the prime factors of q.
2
Let j be 1 + 0 + (-1 - -4). Suppose 0 = j*s - 5 - 3. Suppose 7*h = s*h + 55. List the prime factors of h.
11
Let q(h) = -14*h - 75. List the prime factors of q(-28).
317
Let j(h) = -7*h**3 - 6*h**2 + 7*h + 8. Suppose 2 - 1 = m. Let s(f) = -f**3 - f**2 + f. Let i(t) = m*j(t) - 6*s(t). List the prime factors of i(0).
2
Suppose 3*t = 7*t + 4. List the prime factors of (-13)/(-3 + t + 3).
13
Suppose 0*j + 2*j + 4*b - 48 = 0, -3*b + 15 = 0. Suppose -2*r + r = 0. Suppose -2*d + j = -r. List the prime factors of d.
7
What are the prime factors of (-12)/(-2)*((-472)/(-16) + -4)?
3, 17
Let j(b) = b**3 - 3*b**2 + 2*b - 4. Let f be j(3). Suppose 2*q + 0*q = -3*v + 79, 0 = f*q - 10. What are the prime factors of v?
23
Let z(j) = 5*j**2 - 4*j + 2. Let u be z(2). Suppose -u = -s - s. What are the prime factors of (-2)/s - (-116)/14?
2
Suppose 5*n - 1740 = 5*r, -2*n - 5*r - 290 + 1007 = 0. What are the prime factors of n?
3, 13
Suppose -2*q = -7*q + 335. Let s = q + -33. What are the prime factors of s?
2, 17
Let y = 15 - 13. Suppose 4*p = -y*p + 18. What are the prime factors of p?
3
Suppose 5*f + 267 = 1457. What are the prime factors of f?
2, 7, 17
Suppose 3*j - z = 10, -4*z + 28 = 3*j + 2*j. Suppose 2*l = j, 4*d + 7*l - 78 = 2*l. List the prime factors of d.
17
Suppose 0*u - 2*u + 8 = 0. Suppose t - 2*t + u = 0. Suppose 4*w + k - 13 - 8 = 0, -27 = -t*w + k. List the prime factors of w.
2, 3
Suppose 2*p - 286 = -4*k, 4*p - 171 - 113 = -4*k. Suppose -u + k = 3*u. List the prime factors of u.
2, 3
Let q = -9 - -15. Suppose -q*a + 10 = -3*a - 2*f, -4*f = 3*a + 2. List the prime factors of a.
2
Suppose 0 = 3*r + 4*v - 283, -684 = -5*r - v - 184. List the prime factors of r.
101
Suppose -11*m + m = -950. What are the prime factors of m?
5, 19
Suppose 3*w + k = 6, 4*w + 0*k = 2*k + 8. Suppose 0 = 2*o - w - 46. Suppose -4*n = -o - 0. What are the prime factors of n?
2, 3
Let s = -7 - -7. Suppose -3*n = -s*n - 6. List the prime factors of n.
2
Suppose 2*h - 6*h - 84 = -3*f, 2*f - h = 51. What are the prime factors of f?
2, 3
Let r = -7 + 11. Let x = 6 + -3. Suppose -p = x*k - 20, r*k - p - 3*p = 0. What are the prime factors of k?
5
Suppose 0 = 5*r - 4*x - 144, 4*r - 43 - 68 = -x. What are the prime factors of r?
2, 7
Let t(i) be the first derivative of 8*i**3/3 - i**2/2 + i - 5. Let q be (-15)/(-21) + 2/7. What are the prime factors of t(q)?
2
Suppose 2*f - 4 = 4. Let r = 22 + 2. What are the prime factors of f/(r/9)*6?
3
Let n = -19 + 135. What are the prime factors of n?
2, 29
Let x be 1 + 0 - -1 - 6. Let g be x/(-22) + (-960)/(-44). Suppose 3*z - z = g. List the prime factors of z.
11
Suppose -3*b - o = 8, -4*b + 4 = -3*b - o. Let t be -1 - (-2 + -2 + b). Suppose 5*u + c + c - 48 = 0, 0 = c - t. What are the prime factors of u?
2
Let m(o) = -o**2 + 2*o + 3. Let f be m(3). Let n be f/(-2) - (1 + -3). Suppose 0*r = -n*r + 12. What are the prime factors of r?
2, 3
List the prime factors of 144 + 27 - (-8)/2.
5, 7
Let q = -55 - -137. What are the prime factors of q?
2, 41
Let h = 21 - 9. Let p = h + 12. What are the prime factors of p?
2, 3
Let q be (0 - 4) + (0 - 0). Let p be (-15)/2*(-8)/10. Let k = q + p. List the prime factors of k.
2
Let c be 0*1*(-2)/4. Suppose 3*s = 4*r - c - 10, 0 = -3*s - 6. List the prime factors of (-14 + r)*(2 - 3).
13
Suppose -5*v = 3*s + s - 118, 3*v = 5*s - 129. Let t = s - 18. List the prime factors of t.
3
Suppose -24 = 2*j + q, -5*j + 2*q - 22 = 47. Let z = j + 21. List the prime factors of z.
2
Let p = 569 - 221. List the prime factors of p.
2, 3, 29
Let b(h) = h**3 + 12*h**2 + 7*h - 13. What are the prime factors of b(-11)?
31
Suppose -3*b + 45 = 4*g, -3 - 12 = -b - g. Suppose 5*x + 2*t = b, 0 + 5 = 2*x + t. What are the prime factors of x?
5
Let b(n) = n**2 + n - 4. Let f be b(-3). What are the prime factors of f/5*(32 + -2)?
2, 3
Suppose -6*f + 565 = 163. What are the prime factors of f?
67
Let n(m) = -m**3 + 6*m**2 - 2. What are the prime factors of n(5)?
23
Let h = -18 - -20. What are the prime factors of h?
2
Let q = -17 - -25. Let s = 19 + q. Let c = -18 + s. List the prime factors of c.
3
Let p(x) = x - 14*x - 12*x + 1 + 0*x. List the prime factors of p(-1).
2, 13
Let o(p) = p - 2. Let s be o(4). Suppose -i + z - s*z = 0, -i + 2*z = -6. Suppose -12 = i*n - 5*n. What are the prime factors of n?
2
Let l be (-160)/28 - (-2)/(-7). Let t = 9 - l. List the prime factors of t.
3, 5
Let s = -7 + 13. List the prime factors of 43/3 + 4/s.
3, 5
Suppose 0 = -4*i + 2*h + 202, 0*i = -5*i - 3*h + 236. List the prime factors of i.
7
Let x(i) = 3*i**3 - 8*i**2 - 8*i - 10. Suppose q - 3 = -1. Let s(n) = -n**3 + n - 1. Let z(d) = q*s(d) + x(d). What are the prime factors of z(9)?
3, 5
Let h(f) = -26*f + 1. Let w(k) = -k**2 + k - 1. Let b be w(1). Let z be h(b). Suppose -4*o + 4*c + z + 21 = 0, 4*o - 49 = 5*c. List the prime factors of o.
11
Let r be (-84)/(-18)*18/(-7). Let u = 13 - r. What are the prime factors of u?
5
Let d be (6/3 + -6)*-1. Suppose -3*n = 2*a - 35, -d*n = n + 2*a - 53. What are the prime factors of n?
3
Let f be (-6)/27*-3*3. Suppose f*p - 7*p = -35. What are the prime factors of p?
7
Let p(t) = t**2 - 3. List the prime factors of p(3).
2, 3
Let x be (6/(-10))/(3/(-15)). Let p be 47/7 + 4/14. Let d = p - x. What are the prime factors of d?
2
List the prime factors of 2240/26 - 2/13.
2, 43
Let c(w) = -2*w + 1. Let g(i) = i. Let k(u) = 2*c(u) + 5*g(u). Let j be k(0). Suppose j*a - a - 21 = -4*l, -2*l + 2*a = -18. List the prime factors of l.
2, 3
Suppose -2*x - 134 = -4*l, -5*l + x + 225 = 62. List the prime factors of l.
2
Let y(h) = 5*h**2 + 5*h. List the prime factors of y(5).
2, 3, 5
Let i be 0/((1 + -3)*1). Suppose 0 = -5*l - i - 10. What are the prime factors of (1 + 2)/(l/(-2))?
3
Suppose 110 = -5*i + 2*k + 484, 3*i = -3*k + 216. List the prime factors of i.
2, 37
Let o(z) = 2*z - 3. Let g be o(3). Suppose -8*k + 70 = -g*k. Suppose -w - 3 = -k. What are the prime factors of w?
11
Let u = 3 - 6. Let o(l) = l**3 + 3*l**2 - 2*l. Let n be o(u). List the prime factors of (0 - 3/(-2))*n.
3
Let v(b) be the second derivative of -b**5/20 - b**4/12 + 5*b**2 + 10*b. Suppose -4*m + i - 2 = 0, m - 3*i + 4 = -2. List the prime factors of v(m).
2, 5
Suppose 0 = -7*